emainder when 594924230 is divided by 2189?
2188
What is the remainder when 175770 is divided by 8778?
210
What is the remainder when 112932669 is divided by 7?
3
What is the remainder when 491279 is divided by 757?
743
Calculate the remainder when 23602 is divided by 1418.
914
What is the remainder when 55307470 is divided by 1084460?
10
What is the remainder when 3769057 is divided by 735?
712
What is the remainder when 14455169 is divided by 884?
1
Calculate the remainder when 116761 is divided by 255.
226
Calculate the remainder when 173501 is divided by 549.
17
What is the remainder when 13033893 is divided by 112?
5
What is the remainder when 94929953 is divided by 1055?
1053
Calculate the remainder when 539259 is divided by 1659.
84
What is the remainder when 3456209 is divided by 5075?
134
What is the remainder when 11111423 is divided by 2327?
2325
Calculate the remainder when 15235791 is divided by 99.
87
Calculate the remainder when 115387142 is divided by 1876.
10
What is the remainder when 149470 is divided by 7100?
370
Calculate the remainder when 534259 is divided by 3.
1
What is the remainder when 5529394 is divided by 2364?
2362
What is the remainder when 7646430 is divided by 7646337?
93
What is the remainder when 2674622 is divided by 534924?
2
What is the remainder when 331575 is divided by 200?
175
Calculate the remainder when 25757258 is divided by 1366.
1328
What is the remainder when 18314934 is divided by 16?
6
What is the remainder when 4671741 is divided by 869?
866
Calculate the remainder when 1313284 is divided by 150.
34
Calculate the remainder when 16785 is divided by 12603.
4182
What is the remainder when 6306682 is divided by 4534?
4422
Calculate the remainder when 728599 is divided by 88.
47
Calculate the remainder when 221726114 is divided by 1097654.
6
What is the remainder when 17183396 is divided by 975?
971
Calculate the remainder when 623031 is divided by 621562.
1469
What is the remainder when 178039 is divided by 9376?
9271
What is the remainder when 33059469 is divided by 100791?
21
Calculate the remainder when 6180361 is divided by 6083.
33
What is the remainder when 381566 is divided by 120?
86
What is the remainder when 1104784 is divided by 642?
544
Calculate the remainder when 587644 is divided by 5761.
22
Calculate the remainder when 29894601 is divided by 85.
16
Calculate the remainder when 899242 is divided by 122.
102
Calculate the remainder when 6089535 is divided by 3044765.
5
What is the remainder when 9293241 is divided by 5535?
5511
What is the remainder when 3131801 is divided by 320?
281
What is the remainder when 8777741 is divided by 388?
17
What is the remainder when 70356 is divided by 728?
468
What is the remainder when 2359689 is divided by 13?
7
Calculate the remainder when 268641 is divided by 26834.
301
What is the remainder when 64048 is divided by 6584?
4792
What is the remainder when 2103708 is divided by 233745?
3
Calculate the remainder when 81299 is divided by 1627.
1576
Calculate the remainder when 1975068 is divided by 13621.
23
What is the remainder when 413584 is divided by 8952?
1792
What is the remainder when 79339631 is divided by 16?
15
Calculate the remainder when 9976972 is divided by 53.
40
Calculate the remainder when 165001 is divided by 2335.
1551
Calculate the remainder when 925244 is divided by 5819.
23
What is the remainder when 599537 is divided by 66606?
83
Calculate the remainder when 3256176 is divided by 542639.
342
Calculate the remainder when 24941867 is divided by 72.
59
What is the remainder when 511236 is divided by 73028?
40
What is the remainder when 807194 is divided by 982?
972
Calculate the remainder when 108756 is divided by 1623.
15
Calculate the remainder when 25587966 is divided by 230.
6
Calculate the remainder when 123449405 is divided by 10287450.
5
Calculate the remainder when 56782 is divided by 2463.
133
Calculate the remainder when 107892 is divided by 2996.
36
What is the remainder when 45644 is divided by 2647?
645
Calculate the remainder when 22545656 is divided by 22545644.
12
Calculate the remainder when 13987522 is divided by 7358.
7322
What is the remainder when 3175367 is divided by 8846?
8499
Calculate the remainder when 15489863 is divided by 2964.
2963
Calculate the remainder when 939653 is divided by 7119.
7064
What is the remainder when 2285120 is divided by 35150?
370
What is the remainder when 10320671 is divided by 32?
31
What is the remainder when 13544639 is divided by 1041879?
212
Calculate the remainder when 580405 is divided by 8953.
7413
Calculate the remainder when 71650 is divided by 160.
130
What is the remainder when 538611 is divided by 896?
115
Calculate the remainder when 4392032 is divided by 2487.
2477
Calculate the remainder when 65362 is divided by 21711.
229
Calculate the remainder when 12003765 is divided by 36.
33
Calculate the remainder when 2035220 is divided by 15186.
296
Calculate the remainder when 1162531 is divided by 4988.
327
Calculate the remainder when 1366966 is divided by 115.
76
Calculate the remainder when 51259 is divided by 1575.
859
Calculate the remainder when 529079 is divided by 52772.
1359
Calculate the remainder when 37575 is divided by 1942.
677
Calculate the remainder when 23662233 is divided by 1690154.
77
Calculate the remainder when 338843756 is divided by 21.
20
Calculate the remainder when 4580211 is divided by 23.
14
What is the remainder when 98142149 is divided by 9814214?
9
Calculate the remainder when 1032781 is divided by 337.
213
What is the remainder when 16434980 is divided by 5478323?
11
What is the remainder when 1052563 is divided by 1173?
382
What is the remainder when 40559122 is divided by 2755?
12
What is the remainder when 74778388 is divided by 3428?
3424
What is the remainder when 600238 is divided by 3227?
16
What is the remainder when 865658 is divided by 240?
218
What is the remainder when 9560 is divided by 430?
100
Calculate the remainder when 51904 is divided by 24333.
3238
What is the remainder when 7400636 is divided by 160?
156
Calculate the remainder when 232729 is divided by 2839.
2770
What is the remainder when 3772113 is divided by 1886049?
15
What is the remainder when 63989 is divided by 1842?
1361
Calculate the remainder when 4050623 is divided by 188.
163
What is the remainder when 1519022 is divided by 216992?
78
What is the remainder when 45774 is divided by 15183?
225
What is the remainder when 53863625 is divided by 544?
9
What is the remainder when 5284959 is divided by 26964?
15
What is the remainder when 52168078 is divided by 11?
6
What is the remainder when 100462132 is divided by 6532?
6504
Calculate the remainder when 117062029 is divided by 241365.
4
What is the remainder when 3360227 is divided by 1535?
112
What is the remainder when 399882 is divided by 99754?
866
What is the remainder when 19886 is divided by 6125?
1511
What is the remainder when 5531821 is divided by 320?
301
Calculate the remainder when 15088 is divided by 3601.
684
What is the remainder when 2102884 is divided by 261?
7
What is the remainder when 299415 is divided by 177?
108
Calculate the remainder when 360541 is divided by 3333.
577
Calculate the remainder when 6986 is divided by 1702.
178
Calculate the remainder when 262197 is divided by 3328.
2613
Calculate the remainder when 143218 is divided by 1767.
91
What is the remainder when 5252638 is divided by 7657?
7593
Calculate the remainder when 13678 is divided by 1181.
687
What is the remainder when 389397 is divided by 7347?
6
What is the remainder when 268392 is divided by 496?
56
What is the remainder when 12423444 is divided by 325?
319
What is the remainder when 2172088 is divided by 114319?
27
Calculate the remainder when 1974536 is divided by 57.
56
What is the remainder when 74501 is divided by 73959?
542
What is the remainder when 802287 is divided by 505?
347
What is the remainder when 4121883 is divided by 164875?
8
What is the remainder when 150726063 is divided by 15072606?
3
Calculate the remainder when 781822 is divided by 21.
13
What is the remainder when 34513 is divided by 3447?
43
Calculate the remainder when 362343656 is divided by 13.
12
Calculate the remainder when